be 1/(-1) - -310 - n. Calculate the highest common factor of 28 and t.
28
Suppose -6*r = -2*r + 52. Let w be 2*((-20)/(-120))/((-2)/(-138)). Let u = w + r. What is the highest common factor of 25 and u?
5
Let u(f) = -3*f - 2. Let k be u(-2). Let o = k - 89. Let a be 3*o*(-1)/3. What is the highest common divisor of 17 and a?
17
Suppose 5*l = -67 + 247. Calculate the greatest common divisor of 24 and l.
12
Let r be 3/1*1 + -4*20. Let h = 80 + r. Calculate the highest common factor of h and 24.
3
Let c(d) be the third derivative of -d**5/60 - 7*d**4/12 + 17*d**3/6 + 8*d**2. Let n be c(-15). What is the greatest common factor of n and 10?
2
Let x be (-2)/(-1) - (-9 - -1). Let i be (-1 - (-86)/x)*-10. Let y be ((-8)/16)/(1/i). Calculate the greatest common factor of 57 and y.
19
Suppose -6*o = -10*o. Suppose o = 2*k + 3*h + h - 86, 124 = 4*k - 4*h. Calculate the greatest common divisor of k and 5.
5
Suppose -3*t = -t - 32. Suppose -3 = -8*y + 7*y. Suppose 10*g = -y*g + 1872. What is the greatest common factor of g and t?
16
Suppose 0 = 9*q - 5*q + 4. Let g be 5 - (-3)/(4 + q). Calculate the greatest common divisor of 6 and g.
6
Let l = -11 - 25. Let w(i) = i**2 - 10*i + 23. Let f be w(7). Let m be f/(-9) - 188/l. Calculate the greatest common factor of m and 20.
5
Suppose 0 = -w + 3*a + 80, 2*w + 232 = 5*w - 5*a. Suppose 0*v - w = -v - 4*z, 0 = -4*v + 4*z + 196. What is the greatest common factor of 6 and v?
6
Let u(l) = 13*l - 11 - l**2 + 0*l**2 - l - 2*l. Let o be u(7). Calculate the highest common divisor of o and 10.
10
Let v be (-237)/(-5) + (-21)/(-35). Suppose -5*l + l - v = 0. Let p = -7 - l. What is the greatest common factor of 2 and p?
1
Let r be (-6)/21 - ((-13908)/21 + -10). Calculate the greatest common divisor of r and 63.
21
Suppose -5*r = -4*y + 233, -14*r - 4 = -10*r. What is the highest common divisor of y and 247?
19
Suppose 63 = -191*g + 198*g. Let u be (4*1)/((-4)/(-6)). What is the greatest common factor of u and g?
3
Suppose 4*r - 2*p = 2*p + 156, 158 = 4*r - 2*p. What is the highest common divisor of 8 and r?
8
Let s(v) = 3*v - 89 + 24*v + 177 - 95. Let b be s(7). What is the highest common factor of 14 and b?
14
Let y(h) = h + 5. Let g be y(-8). Let d be 11 - (7 - 1)/g. What is the highest common divisor of d and 117?
13
Suppose 117*l - 21692 = 73*l. Calculate the highest common factor of l and 136.
17
Let t(o) = o**3 + 7*o**2 - 3*o + 23. Let c be t(-7). Calculate the highest common factor of c and 16.
4
Let l = -791 + 1139. Calculate the highest common divisor of l and 12.
12
Suppose -5*k - 36 + 86 = 0. What is the greatest common divisor of k and 95?
5
Suppose -2*n + 4*w + 6 + 28 = 0, w - 9 = -2*n. Calculate the greatest common divisor of 133 and n.
7
Let i(m) = m**2 + 6*m + 9. Let u be i(-5). Suppose 0 = 4*v + 12 - 0, 30 = 2*n - u*v. Calculate the highest common factor of n and 3.
3
Suppose -954 = 32*f - 2298. Calculate the greatest common divisor of 12 and f.
6
Let f be (-25)/(-5) - (-10)/(-5)*-2. Calculate the highest common factor of 339 and f.
3
Let d = -1 + 6. Let n = 8 - d. Suppose 5 + n = c. Calculate the greatest common divisor of c and 1.
1
Let z(i) = i**3 + 10*i**2 - 14*i - 30. Let p be z(-11). Suppose 5*a = v - p - 0, 2*v - a = 15. What is the greatest common factor of 8 and v?
8
Let g = -677 - -737. Let q be -2 + (2 - 0 - 0). Suppose q = z + j - 12, 3*z - 38 - 19 = 4*j. What is the highest common divisor of g and z?
15
Let i = 34 - 32. Suppose i*s = -s. Let a be 63 + (-7 + s - -4). What is the greatest common divisor of a and 24?
12
Let n be (6/(-1))/(4*7/(-14)). Calculate the greatest common factor of n and 6.
3
Suppose 27*p + 0*p = -6426. Let w(i) = -84*i. Let o be w(-5). Let y = p + o. Calculate the greatest common divisor of 26 and y.
26
Suppose -z + 5*d = -4*z + 80, 0 = 5*z - 2*d - 92. What is the highest common factor of 750 and z?
10
Suppose 3*x = -2*x + 25. Suppose 0 = x*t - 14 - 26. Suppose -i - 6 + t = 0. Calculate the highest common divisor of i and 22.
2
Suppose 2490 = -190*p + 187*p. Let w be (-9)/(315/p) + (-4)/(-14). What is the highest common factor of 18 and w?
6
Let m(u) = -12 - 3*u**2 + 0*u + 6 - 3*u + u**3. Let b be m(5). Suppose 0 = 2*x - b - 11. Calculate the highest common divisor of 8 and x.
4
Let u(p) = 0 - 3 + 0*p**2 + p**2. Suppose 0 = 3*t - 3*o - 21, -o = -5*t - 3*o + 7. Let x be u(t). Calculate the greatest common divisor of 4 and x.
2
Let r = 1537 + -1057. Calculate the highest common divisor of r and 90.
30
Suppose 0 = 5*j - 5*m - 100, 5*j - 3*m = -6*m + 68. What is the greatest common divisor of 496 and j?
16
Suppose 123 = -22*i + 321. Calculate the greatest common divisor of i and 18.
9
Suppose -12 = 3*f, 4*m - 211 - 281 = 3*f. Suppose 0 = n - 6*n + m. What is the greatest common factor of n and 96?
24
Let m(w) = w**3 + 9*w**2 + 4*w + 16. Let z be m(-5). What is the greatest common factor of 36 and z?
12
Let c be (-3 + 5 + -4)*6/(-12). What is the greatest common factor of c and 67?
1
Let z(q) = -153*q**3 - 2*q**2 - 2*q. Let k be z(-1). What is the highest common divisor of 119 and k?
17
Suppose i - 164 = 4*z, -3*i + 0*i + 510 = -3*z. What is the highest common factor of 129 and i?
43
Let f = -14 + 15. Let l = -6 - 7. Let g = l + 16. Calculate the greatest common factor of g and f.
1
Let g be (6/4)/((-6)/(-20)). Suppose 4*y - g = -y. Suppose j = 4*i + 21, 0 = -i - 2 - 2. Calculate the highest common factor of y and j.
1
Suppose 0*w = 5*w - 25. Suppose 0 = -w*m + 799 - 74. Let t be (-78)/1014 + 2265/39. Calculate the greatest common divisor of m and t.
29
Suppose -4*t - 96 = -5*p, -4*p + 83 = -2*t + 5*t. Let o = 21 + -13. What is the highest common divisor of o and p?
4
Let f(s) = s + 11. Let w(c) = c + 11. Let r(i) = 7*f(i) - 6*w(i). Let o be r(-10). What is the greatest common factor of o and 8?
1
Let w be (-1 + -1)*4872/(-48). What is the highest common factor of 21 and w?
7
Let p be 24/(20 - 14) + (-120)/(-2). Calculate the greatest common factor of p and 864.
32
Suppose -2*a + 85 + 843 = 0. Calculate the greatest common factor of 29 and a.
29
Let l = 1587 + -1114. Calculate the highest common divisor of l and 43.
43
Let x(i) = 0*i**2 - 8*i**2 + 2*i - 2 - 4 + 2*i**3. Suppose -68 = -9*f - 8*f. Let t be x(f). Calculate the highest common divisor of t and 16.
2
Let j = -3 + 12. Let n(d) = d**3 + 30*d**2 + 96*d - 154. Let q be n(-26). What is the highest common divisor of q and j?
9
Let w be 44 - 0/(-1 - -3). What is the greatest common divisor of w and 11?
11
Suppose 0 = 3*v + 4*w - 35, 10 = 4*v + w - 15. Suppose -10 = -m - v. What is the highest common divisor of m and 5?
5
Let r = 235 + -160. Let d = 2632 - 2582. Calculate the greatest common factor of d and r.
25
Let t(h) = -h + 42. Let m be t(26). Let w be 4/m + (-15)/(-20) - -12. Calculate the greatest common divisor of 26 and w.
13
Let f(n) be the third derivative of 0 + 49/30*n**5 + 0*n**4 - 5*n**2 + 0*n + 1/6*n**3. Let z be f(1). Calculate the highest common divisor of z and 9.
9
Let z(i) = -i + 36. Suppose -w + 90 = 4*w. Let f be z(w). Calculate the greatest common divisor of f and 162.
18
Suppose -3*w = 26 - 17, -4*w - 756 = -3*i. What is the greatest common divisor of i and 155?
31
Let m be (-23)/(-4) + (-2)/(-8). Suppose -5*w = -m*w + 2. Let i be (w/4)/(12/216). Calculate the greatest common factor of 81 and i.
9
Let w be (-347)/3 - 1 - (-2)/3. Let s = 179 + w. Calculate the highest common divisor of 7 and s.
7
Let d be ((-6)/4)/((-9)/630). What is the highest common divisor of d and 120?
15
Let h(c) = c**3 - 3*c**2 + 10*c - 10. Let n be h(3). What is the greatest common divisor of 100 and n?
20
Let g(j) = -j**3 - 6*j**2 - 6*j - 1. Let l(c) = -c - 11. Let q be l(-6). Let y be g(q). Suppose y*v - 4 - 24 = 0. What is the highest common factor of v and 35?
7
Let f(u) = -3 + 1 - 680*u + 683*u + u**2. Let l be f(-5). Suppose 20 = 6*m - 5*m. Calculate the highest common divisor of l and m.
4
Suppose -4*g - 17 = -5. Let t be ((-4)/(-8))/(g/(-12)). Let y be 32 + t/(3 + -4). What is the greatest common divisor of 15 and y?
15
Let v(o) = -o**3 + 42*o**2 - 37*o - 47. Let d be v(41). What is the highest common divisor of d and 104?
13
Let h = -1467 + 3067. Suppose -6*g - 4*g = -h. What is the greatest common factor of g